+ -4) + -2 + 2. Calculate the highest common factor of 35 and c.
5
Let x(u) be the third derivative of -u**6/120 - u**5/20 - u**4/8 - 2*u**2. Let s be x(-3). Calculate the greatest common divisor of s and 6.
3
Suppose 0*i + 2*i - 71 = -3*k, -8 = -2*i. Suppose y + 2*x + 18 = 3*y, -y - x = -1. Let b = k - y. Calculate the highest common divisor of b and 160.
16
Let p be 1*-36*2/(-3). Let g be 60/9*198/15. Let k = 124 - g. What is the highest common factor of p and k?
12
Let c be ((-3)/(-9))/((-1)/(-12)). Let q = -13 - -17. Calculate the highest common factor of q and c.
4
Let i(q) = 2*q + 27. Let t be i(0). Suppose -24*o + t*o - 6 = 0. What is the highest common divisor of o and 5?
1
Suppose 4*n - 112 = -4*c, -c = -n + 7 + 13. Let k(i) = i**3 - i**2 + i - 5. Let j be k(0). Let b = 1 - j. What is the highest common divisor of n and b?
6
Let h(u) = -u**3 - 7*u**2 - 8*u + 9. Let k be h(-7). Suppose -5*w + k = a, 4*w - 40 = -a + 13. Let p = 4 + w. What is the highest common factor of 4 and p?
4
Suppose 0 = 6*u - 3*u - 36. Let s = 133 - 1. Calculate the greatest common divisor of s and u.
12
Suppose 2*b - 5 = 5*f, -3*b + 8*b = 3*f + 22. Suppose 4*h = 3*h + 4. Suppose -m - 5 = -3*a + a, 0 = h*a - 20. What is the highest common factor of b and m?
5
Let y = -4 - -8. Let r = 16 - 8. Calculate the highest common divisor of r and y.
4
Suppose f = 4*c + c - 62, 43 = 4*c - 3*f. What is the greatest common factor of 13 and c?
13
Suppose 3*q - 43 = 5. Suppose 31*l = 30*l + 48. Calculate the greatest common divisor of q and l.
16
Let d be (-32)/(-5) - 38/95. Calculate the greatest common factor of 4 and d.
2
Let d(l) = -2*l**3 + l**2 + 4*l + 3. Let g be d(-2). Calculate the highest common divisor of 5 and g.
5
Suppose -3*k - 5*d + 252 = 0, -2*d = 3*k + 2*k - 439. Suppose -4*j = -k - 119. What is the highest common divisor of j and 13?
13
Suppose 0 = -4*s - 4, -3*t = -0*t + 3*s - 12. Suppose w - 4*w - 3 = -t*u, 3*w - 6 = 2*u. Let l = 4 - -6. Calculate the highest common divisor of w and l.
2
Suppose 3 = q - 1. Suppose 0 = 3*y - 28 + q. Suppose u - 25 = -y. Calculate the greatest common divisor of u and 17.
17
Let q = 61 - -51. What is the highest common factor of q and 14?
14
Let r(n) = n**2 + 7*n. Let f be r(-7). Suppose f = 2*c + 2 - 12. Let q(d) = d**2 + 2*d + 5. Let k be q(-5). Calculate the greatest common factor of c and k.
5
Let m be (-4 - -10)*(-2)/(-4). Suppose t - m*t + 8 = 0. What is the highest common divisor of t and 10?
2
Suppose -2*s = -7*s. Let y = 6 + s. Calculate the highest common factor of 42 and y.
6
Suppose 291 = 11*x - 699. Calculate the greatest common factor of 36 and x.
18
Let l = -448 + 704. What is the highest common divisor of 32 and l?
32
Suppose -80*u + 105 = -75*u. Let z(s) = -s + 21. Let r be z(0). Calculate the highest common factor of u and r.
21
Let u(n) = 5*n - 6. Let y be u(4). Calculate the greatest common divisor of 224 and y.
14
Let k be (-25 + -1)*4/(-8). Let d(m) = m**3 + 5*m**2 + 4*m + 3. Let g be d(-4). Suppose 9 = -g*j + 48. Calculate the highest common divisor of j and k.
13
Let n(w) = -w**3 + 6*w**2 - 2*w - 1. Suppose 5*p = -2*k, p = 3*k + k - 22. Let t be n(k). What is the highest common factor of t and 14?
14
Suppose -y - 4 = -12. What is the highest common factor of 8 and y?
8
Let x be (1 - -1) + -2 + 1. Let y(b) = -b**3 - 5*b**2 + 6*b. Let w be y(-6). Let l = x + w. What is the greatest common factor of 1 and l?
1
Let h be (-3 + 1)*12/(-8). What is the highest common factor of 1 and h?
1
Let o(p) = -p**2 - 10*p - 1. Let h be o(-9). Suppose h = -x - x, 2*x = 3*f - 188. What is the highest common divisor of 6 and f?
6
Suppose -t = 4*l - 33 - 52, 0 = -3*l + 3*t + 45. Calculate the greatest common factor of l and 10.
10
Suppose -t + 3 = 5*g, -g = -0*t + t + 1. Let w be (-3 + 4)/(g/7). Calculate the highest common factor of 7 and w.
7
Suppose -5*u + 16 = 3*o - 84, -3*u + 5*o = -26. What is the highest common factor of 34 and u?
17
Suppose 24 = 3*p + 9, 3*s = -p + 11. Let f = 26 + -18. Suppose 2*b - f = j + 7*b, -4*j + 12 = -2*b. Calculate the highest common factor of s and j.
2
Suppose 0 = 5*o + 4*r - 18, -2*o + 3*r = -o + 4. What is the greatest common factor of o and 16?
2
Suppose -2*m + 3 + 5 = 0. Suppose 0 = -m*n + 26 - 10. Suppose -n*a + 35 = a. Calculate the highest common divisor of 28 and a.
7
Let l = 499 + -347. Let y = l - 52. What is the greatest common factor of 40 and y?
20
Let d be 1 - (-5)/((-15)/(-9)). Suppose 0 = d*q - 170 - 6. Suppose q = -5*u + 139. Calculate the highest common factor of u and 95.
19
Let q = 5 + -1. Suppose 5*w + q*v = 224, 3*v + 90 = 2*w + 5*v. What is the highest common divisor of w and 11?
11
Suppose 0 = -6*c - 366 + 1050. What is the greatest common divisor of 38 and c?
38
Suppose -1 = 2*t - 11. Let r = -14 - 9. Let g = -13 - r. Calculate the greatest common divisor of g and t.
5
Let q = 49 - -31. Calculate the highest common divisor of q and 4.
4
Suppose 2*x + 0*x - 2*j = 2, -2*j + 2 = 0. Suppose 18 = -x*b + k + 65, k = -5. What is the greatest common divisor of 168 and b?
21
Let v(b) = -b + 33. Let s be v(19). Calculate the greatest common factor of s and 21.
7
Let h = -12 - -7. Let a(i) = -i**3 - 5*i**2 - 3*i - 6. Let o be a(h). Calculate the greatest common divisor of 18 and o.
9
Suppose r - 1 = 1. Suppose 75 = 3*y + r*y. What is the highest common divisor of 5 and y?
5
Suppose 3*w + 0 = -12. Let t be w/((-7)/5 - -1). Let c = 8 + 17. What is the greatest common factor of c and t?
5
Suppose -2*t + a = 2*t + 31, 3*t = -4*a - 47. Let h be 6/t - 70/(-6). Let f(n) = -n + 6. Let s be f(5). Calculate the highest common divisor of h and s.
1
Let x be 0 - 6/(-4)*2. Let p be x - 11/(33/(-126)). What is the greatest common factor of p and 9?
9
Suppose -5*g + 10 = 3*i, -3*i - g + 19 = -5*g. Let n(h) = h**2 + h - 3. Let k be n(3). Suppose k = i*l - 6. What is the highest common divisor of 12 and l?
3
Let t be (8 + 1)/(-1 - -2). Let j = t + -9. Suppose -m = -j*m - 33. What is the highest common divisor of m and 3?
3
Let v = 54 - 36. Suppose -8*f + 6*f + 18 = 0. What is the highest common divisor of f and v?
9
Suppose i - 12 = 5*z, 0 = -i - 3*z + 3 + 9. Calculate the highest common factor of 84 and i.
12
Suppose 2*g + 0*g = -p + 21, 5*p = -g + 105. What is the highest common divisor of p and 14?
7
Let f be 0 + (1 - 0) - -19. Let v be 9/(162/(-60))*-3. What is the greatest common factor of f and v?
10
Let r be (-97)/(-5) - 36/(-60). What is the greatest common factor of r and 12?
4
Let a = -22 - -33. Let l be 2/(-1) + 0 + 2. Suppose l = 4*t - 117 - 103. What is the highest common divisor of a and t?
11
Suppose -2*f + 174 = 6. Suppose 16 = -2*z - 5*a, 2*z - 3*a = -2*z - f. Let j be (-4)/(-18) - 284/z. What is the highest common factor of 2 and j?
2
Let b be (-4)/(-6)*((-918)/(-4))/17. Let v(m) = -98*m + 1. Let r be v(-1). What is the highest common factor of r and b?
9
Let x = 2 - -5. Let z(o) = 6*o + 8. Let c be z(x). What is the greatest common factor of c and 20?
10
Suppose a - 5*w - 6 = 1, a - 2*w - 13 = 0. What is the highest common factor of 34 and a?
17
Let d = 7 + -5. What is the greatest common divisor of d and 18?
2
Suppose 7 = 2*n - y, 0 = -n - 3*n - y + 29. Suppose 85 = -j + n*j. What is the highest common factor of j and 136?
17
Let j(k) = 126*k**2 - k + 1. Let u = -13 + 14. Let q be j(u). Let o = -18 - -32. Calculate the highest common factor of q and o.
14
Let h(i) = -i + 5. Let l(u) = -u**3 - 10*u**2 - 8*u + 9. Let s be l(-9). Let q be h(s). Calculate the highest common divisor of q and 25.
5
Let s be (4 + -2)/((-3)/(-264)). Let t = 28 - 17. Let p = 5 + t. Calculate the highest common factor of p and s.
16
Let j(z) = 4*z - 29. Let n be j(19). What is the greatest common divisor of n and 329?
47
Suppose 4*m - 916 = 7*i - 2*i, m = -5*i + 254. What is the highest common divisor of m and 26?
26
Suppose 5*s - 49 = 3*p, -2*s + 10*p + 31 = 5*p. Suppose 4*n = 2*n + s. What is the highest common factor of n and 44?
4
Let j be (-6)/15 + (-88)/(-20). Suppose 4*l + j*o + o - 35 = 0, o = l - 20. What is the highest common factor of 30 and l?
15
Let k = 12 - -48. Calculate the greatest common divisor of 36 and k.
12
Suppose u + 0*u - 3 = 0. Suppose 1 + u = 4*l. What is the greatest 